{"id":140,"date":"2018-09-13T11:07:47","date_gmt":"2018-09-13T11:07:47","guid":{"rendered":"http:\/\/selu.es\/jornadas2019\/?page_id=140"},"modified":"2021-05-19T16:58:36","modified_gmt":"2021-05-19T16:58:36","slug":"comunicaciones","status":"publish","type":"page","link":"https:\/\/jautomatica.es\/2021\/comunicaciones\/","title":{"rendered":"Env\u00edo Art\u00edculos"},"content":{"rendered":"<h2 class=\"section-title multiple-title\"><span style=\"color: #d2007b;\">Art\u00edculos<\/span><\/h2>\n<p style=\"text-align: justify;\">Los asistentes a las Jornadas de Autom\u00e1tica 2021 est\u00e1n invitados a contribuir a las mismas, mediante el env\u00edo de comunicaciones relacionadas con sus trabajos. Los mejores art\u00edculos ser\u00e1n seleccionados por los grupos tem\u00e1ticos para su presentaci\u00f3n como art\u00edculos de revista y enviados a RIAI para una secci\u00f3n especial.<\/p>\n<p>Como en ediciones anteriores, el \u00e1mbito de cada comunicaci\u00f3n debe asociarse a uno de los siguientes grupos tem\u00e1ticos:<\/p>\n<ul style=\"margin-left: 50px;\">\n<li>Automar<\/li>\n<li>Bioingenier\u00eda<\/li>\n<li>Control Inteligente<\/li>\n<li>Educaci\u00f3n en Autom\u00e1tica<\/li>\n<li>Ingenier\u00eda de Control<\/li>\n<li>Modelado, Simulaci\u00f3n y Optimizaci\u00f3n<\/li>\n<li>Rob\u00f3tica<\/li>\n<li>Computadores y Control<\/li>\n<li>Visi\u00f3n por Computador<\/li>\n<\/ul>\n<hr \/>\n<h2><strong>ENLACE EASYCHAIR:<\/strong><br \/>\n<strong><a class=\"button\" style=\"background-color: #d2007b; border-color: #d2007b; color: #ffffff;\" href=\"https:\/\/easychair.org\/conferences\/?conf=jjaa2021cs\">Enviar art\u00edculo<\/a><\/strong><\/h2>\n<hr \/>\n<h2 class=\"section-title multiple-title\"><span style=\"color: #d2007b;\">Formato de las contribuciones<\/span><\/h2>\n<h4 class=\"section-title multiple-title\"><span style=\"color: #d2007b;\">Importante:<\/span><\/h4>\n<ol style=\"margin-left: 50px;\">\n<li style=\"text-align: justify;\">Con el objeto de dar visibilidad a las \u00abJornadas de Autom\u00e1tica\u00bb, las actas de este a\u00f1o ser\u00e1n publicadas en el repositorio institucional de la Universidade da Coru\u00f1a en acceso abierto. Tambi\u00e9n estar\u00e1n disponibles desde Dialnet. Para ello, los autores de las comunicaciones aceptadas deber\u00e1n firmar una licencia Creative Commons Reconocimiento-NoComercial-Compartirigual 4.0 Internacional (CC BY-NC-SA 4.0) (ver detalles en <a href=\"https:\/\/creativecommons.org\/licenses\/by-nc-sa\/4.0\/deed.es\" target=\"_blank\" rel=\"noopener noreferrer\">https:\/\/creativecommons.org\/licenses\/by-nc-sa\/4.0\/deed.es<\/a>). Se solicitar\u00e1 a la hora del env\u00edo de la versi\u00f3n final.<\/li>\n<li style=\"text-align: justify;\">Para en un futuro poder indexar las actas de las \u00abJornadas de Autom\u00e1tica\u00bb en bases de datos conocidas,\u00a0<strong>las comunicaciones que est\u00e9n escritas en espa\u00f1ol<\/strong>\u00a0deber\u00e1n incorporar\u00a0<strong>t\u00edtulo y resumen en ingl\u00e9s de forma obligatoria.<\/strong><\/li>\n<li><strong>Todos los trabajos ser\u00e1n sometidos a un proceso de revisi\u00f3n por pares.<\/strong><\/li>\n<li><strong>A cada comunicaci\u00f3n aceptada se le asignar\u00e1 un DOI desde el Servicio de Publicaciones de la Universidade da Coru\u00f1a.<\/strong><\/li>\n<\/ol>\n<h4 class=\"section-title multiple-title\"><span style=\"color: #d2007b;\">Formato de los trabajos<\/span><\/h4>\n<p style=\"text-align: justify;\">La extensi\u00f3n aconsejada para cada comunicaci\u00f3n es de 4 a 8 p\u00e1ginas, preferiblemente en castellano, aunque tambi\u00e9n pueden ser en ingl\u00e9s. El formato debe adecuarse a las especificaciones indicadas en el documento PDF que aparece a continuaci\u00f3n.<\/p>\n<p style=\"text-align: justify;\">Para la elaboraci\u00f3n de los trabajos deber\u00e1n utilizarse las siguientes plantillas para LaTeX y Word. Recuerde que la organizaci\u00f3n no realizar\u00e1 ning\u00fan tipo de edici\u00f3n ni ajuste de formato de su documento por lo que deber\u00e1 enviar su copia PDF lista para impresi\u00f3n.<\/p>\n<ul class=\"list-arrow-right\" style=\"margin-left: 50px;\">\n<li><a href=\"http:\/\/jautomatica.es\/wp-content\/uploads\/2019\/04\/Instrucciones_autores.pdf\">Especificaciones de formato<\/a><\/li>\n<li><a href=\"http:\/\/jautomatica.es\/2021\/wp-content\/uploads\/2021\/05\/ja2021_latex_espanol.zip\" target=\"_blank\" rel=\"noopener noreferrer\">Plantilla Latex para art\u00edculos escritos en espa\u00f1ol<\/a> (<a href=\"https:\/\/www.overleaf.com\/latex\/templates\/jornadas-de-automatica-2019\/phfybvmjryvv\" target=\"_blank\" rel=\"noopener noreferrer\">link a overleaf en espa\u00f1ol<\/a>)<\/li>\n<li><a href=\"http:\/\/jautomatica.es\/2021\/wp-content\/uploads\/2021\/05\/ja2021_latex_ingles.zip\">Plantilla Latex para art\u00edculos escritos en ingl\u00e9s<\/a> (<a href=\"https:\/\/www.overleaf.com\/latex\/templates\/templatecea-ja-english\/bypkmxxgtvmt\" target=\"_blank\" rel=\"noopener noreferrer\">link a overleaf en ingles<\/a>)<\/li>\n<li><a href=\"http:\/\/jautomatica.es\/2021\/wp-content\/uploads\/2021\/05\/ja2021_Plantilla-MS_Word-1.doc\">Plantilla MS-Word<\/a><\/li>\n<\/ul>\n<h4 class=\"section-title multiple-title\"><span style=\"color: #d2007b;\">Formato de los p\u00f3steres<\/span><\/h4>\n<p>Todos los trabajos aceptados se expondr\u00e1n bajo la modalidad de p\u00f3steres con el siguiente formato:<\/p>\n<ul class=\"list-arrow-right\" style=\"margin-left: 50px;\">\n<li>Orientaci\u00f3n: VERTICAL<\/li>\n<li>Tama\u00f1o: ESTANDAR A1 (594 x 841 mm)<\/li>\n<\/ul>\n","protected":false},"excerpt":{"rendered":"<p>Art\u00edculos Los asistentes a las Jornadas de Autom\u00e1tica 2021 est\u00e1n invitados a contribuir a las mismas, mediante el env\u00edo de comunicaciones relacionadas con sus trabajos. Los mejores art\u00edculos ser\u00e1n seleccionados por los grupos tem\u00e1ticos para su presentaci\u00f3n como art\u00edculos de [&hellip;]<\/p>\n","protected":false},"author":1,"featured_media":0,"parent":0,"menu_order":0,"comment_status":"closed","ping_status":"closed","template":"","meta":{"_monsterinsights_skip_tracking":false,"_monsterinsights_sitenote_active":false,"_monsterinsights_sitenote_note":"","_monsterinsights_sitenote_category":0},"_links":{"self":[{"href":"https:\/\/jautomatica.es\/2021\/wp-json\/wp\/v2\/pages\/140"}],"collection":[{"href":"https:\/\/jautomatica.es\/2021\/wp-json\/wp\/v2\/pages"}],"about":[{"href":"https:\/\/jautomatica.es\/2021\/wp-json\/wp\/v2\/types\/page"}],"author":[{"embeddable":true,"href":"https:\/\/jautomatica.es\/2021\/wp-json\/wp\/v2\/users\/1"}],"replies":[{"embeddable":true,"href":"https:\/\/jautomatica.es\/2021\/wp-json\/wp\/v2\/comments?post=140"}],"version-history":[{"count":59,"href":"https:\/\/jautomatica.es\/2021\/wp-json\/wp\/v2\/pages\/140\/revisions"}],"predecessor-version":[{"id":2288,"href":"https:\/\/jautomatica.es\/2021\/wp-json\/wp\/v2\/pages\/140\/revisions\/2288"}],"wp:attachment":[{"href":"https:\/\/jautomatica.es\/2021\/wp-json\/wp\/v2\/media?parent=140"}],"curies":[{"name":"wp","href":"https:\/\/api.w.org\/{rel}","templated":true}]}}